 when 50 is divided by 3/2 - v/6.
16
Let n(b) = -10*b. Let k = 15 - -14. What is the remainder when k is divided by n(-1)?
9
Let a = 12 - -1. Suppose -10 - 10 = -5*c. Calculate the remainder when (110 - -2)/c - 3 is divided by a.
12
Let n(l) = l**3 + 8*l**2 - l - 6. Let i be n(-8). Suppose 3*m - 4*y = 41, y - 2*y - 19 = -i*m. What is the remainder when 18 is divided by m?
4
Suppose 0 = -5*k - 34 + 119. Calculate the remainder when 63 is divided by k.
12
Suppose 63 = -14*g + 17*g. Calculate the remainder when 50 is divided by g.
8
Suppose 2*o + 3*o - 3*f = 105, 3*f = -2*o + 42. Calculate the remainder when o is divided by 10.
1
Let a = -9 + 29. Calculate the remainder when -6 - 56*(-21)/14 is divided by a.
18
Let m = -97 - -102. What is the remainder when m is divided by 5?
0
Let k = -1 - -10. Let i = -25 - -30. What is the remainder when k is divided by i?
4
Suppose 83 = 2*k - 7. Let o = 46 - 22. What is the remainder when k is divided by o?
21
Let i = 13 - -10. Calculate the remainder when i is divided by 9.
5
Let j(t) = 2*t**2 + 3*t - 4. Let r be j(-4). Suppose 0 = 3*b - b - v - r, -b = -3*v - 18. Suppose -8 = -5*n + 7. Calculate the remainder when b is divided by n.
0
Let n = -67 + 96. Suppose -10 = -3*m + 2*m. Calculate the remainder when n is divided by m.
9
Suppose -2*i - 13 = -5*l, i + 13 = -2*i + l. What is the remainder when 19 is divided by (2/i)/((-2)/40)?
9
Suppose 2*m - 5*f - 14 = 4, 24 = 5*m - 2*f. Suppose -35 = -s - m*s. Suppose s = o - 4. What is the remainder when o is divided by 6?
5
What is the remainder when 110 is divided by (2/5)/((-6)/(-555))?
36
Let b(z) = -23*z + 2. Let t be b(6). Let r = t - -195. What is the remainder when r is divided by 20?
19
Suppose 0 = -5*w + 22 + 33. Suppose 4*o = 4, -2*o + w = c + o. Suppose 0 = 3*v + 2*q - 38, 0*q = 5*v + q - 68. Calculate the remainder when v is divided by c.
6
Suppose 3*y - 90 = -2*v, -v + 5*y - 3 = -22. What is the remainder when v is divided by 10?
9
Suppose -i + 16 = -3*n, -4*i - 4*n = i - 23. Suppose 4*o = 2 + 50. Calculate the remainder when o is divided by i.
6
Suppose -24 = 2*m - 6*m. What is the remainder when 23 is divided by m?
5
Let f = 6 - 6. Calculate the remainder when 7 is divided by 2 + (0 - (f + -1)).
1
Let u = 30 - -28. Calculate the remainder when u is divided by 20.
18
Let b = 68 + 544. What is the remainder when b/15 - (-1)/5 is divided by 14?
13
Suppose -17 = -g - 0*s + 3*s, -g + 27 = -5*s. Let p = g + -3. What is the remainder when 38 is divided by -2 + -15*1/p?
12
Let u(b) = -b**3 + 2*b**2 + 4*b + 3. Let p be u(-3). Suppose 34 = 2*l + n + 7, p = 3*l - 3*n. What is the remainder when 50 is divided by l?
11
Let t(n) = n**2 - 12*n + 15. Let s be t(11). Suppose -2*w + s*w = 12. What is the remainder when 16 is divided by w?
4
Let o = -14 + 27. Suppose 3 = 2*r - 0*m + 5*m, 2*r - 5*m - o = 0. What is the remainder when r is divided by 2?
0
Suppose -a + 1 + 5 = 0. Let b = 15 - 6. Calculate the remainder when b is divided by a.
3
Suppose 0 = -2*p + 67 + 173. Suppose 3*m = -p + 27. Let j = -2 - m. Calculate the remainder when j is divided by 10.
9
Let k(h) = 4*h**3 + h**2 - 1. Let y be k(1). Suppose 0 = -y*u + 10 + 18. What is the remainder when 19 is divided by u?
5
Let h be 2/(-1) + 4 + -1. Calculate the remainder when 11 is divided by 0 + h - (4 - 7).
3
Let p = -1 - 1. Calculate the remainder when (-2 - (-4 - 1))*23 is divided by 20 - (1 + (p - -3)).
15
Suppose -l + 2 + 3 = 0. Suppose 4*b - 19 = 3*b. Calculate the remainder when b is divided by l.
4
Suppose k = 5*a + 15, -3*k + 16*a - 13*a = -45. Calculate the remainder when 72 is divided by k.
12
Let g(s) = 6*s**2 - 2*s - 3. Let o(z) = 5*z**2 - 3*z - 4. Let j(p) = 5*g(p) - 4*o(p). Suppose 8 + 8 = l. Calculate the remainder when l is divided by j(-1).
7
Let f be 46/(-4)*1*-2. Let j(h) = 24*h + 2. Let o be j(2). Suppose 2*d = -4*p + 4*d + o, -p + 4*d = -f. What is the remainder when 32 is divided by p?
10
Let t = 30 + -18. What is the remainder when 189 is divided by t?
9
Suppose v = 5*v - 2*w + 8, v = -5*w - 24. What is the remainder when 54 is divided by (2/3)/(v/(-84))?
12
Let q(x) = -3*x + 2. Calculate the remainder when 21 is divided by q(-2).
5
Suppose 0*j - 3*j + 86 = 5*d, 2*j + 28 = 2*d. What is the remainder when 28 is divided by d?
12
Suppose -4*x = -69 - 55. Calculate the remainder when 154 is divided by x.
30
Let g(l) = l. Let i(x) = 4. Let c(b) = 2*g(b) - i(b). Let h be c(4). Suppose -h*o = -79 - 17. Calculate the remainder when 46 is divided by o.
22
Suppose 2*s - 5*s + 9 = 0. Calculate the remainder when -5 + (-162)/(-10) + 2/(-10) is divided by s.
2
Suppose -4*k + 7*k = 60. Suppose z + k = 3*z. What is the remainder when (-143)/(-5) + (-2)/(-5) is divided by z?
9
Suppose r - 5 = 5. Let j = -5 - -5. Suppose 3*k - 19 - 38 = j. What is the remainder when k is divided by r?
9
Calculate the remainder when (-144)/36 + (1 + -1 - -126) is divided by 32.
26
Suppose -3*o + 0*o = -3. Let a = -19 + 32. Calculate the remainder when (-101)/(-2) - o/2 is divided by a.
11
Suppose -3*i = -z + 42, -3*z + 76 = -0*z + i. Let d = z - -2. What is the remainder when d is divided by 10?
9
Suppose 2*k = -3*k - 15, -5*p - 5*k + 15 = 0. What is the remainder when 11 is divided by p?
5
Let n(i) = 2*i**3 - i**2 - 3*i + 3. What is the remainder when 33 is divided by n(2)?
6
Let o = -39 + 91. What is the remainder when o is divided by 14?
10
Let j = 7 - 11. Let u(h) = -h**2 - 7*h + 2. What is the remainder when 26 is divided by u(j)?
12
Let w = -115 - -119. Let c = 40 - 27. What is the remainder when c is divided by w?
1
Let l = 13 + -1. Suppose 2*k = -4*n - 4, 1 = -2*k - n + l. What is the remainder when 6/8 + 405/20 is divided by k?
5
Let k be 42 + (-3)/3 + 2. Let u = -27 + k. What is the remainder when (11/22)/((-1)/(-94)) is divided by u?
15
Suppose 0 = -4*s + 3*g + 20, 5*g + 15 = 3*s + 3*g. Let c = -1 + -3. What is the remainder when s is divided by c/6 - (-8)/3?
1
Let x = 3 + 9. Let q = -15 + 20. What is the remainder when x is divided by q?
2
Suppose 0 = -5*w - 0*w + 80. Let j = w + -6. Suppose 0 = -2*d - j + 46. Calculate the remainder when 52 is divided by d.
16
Suppose 3*q = 1 + 11. Suppose -4*x - q*r = -44, 2*x - r - 24 = -2*x. Let a = x + 10. What is the remainder when a is divided by 6?
5
Let u = -29 - -49. Suppose 372 + 203 = 5*x - 5*r, -x + 2*r + 113 = 0. Suppose -3*m + x = -54. Calculate the remainder when m is divided by u.
17
Let m be (-9 + 7)*(-6)/4. Suppose 7*n = -g + 4*n + 10, -50 = -m*g + n. Calculate the remainder when 47 is divided by g.
15
Let k = 43 + -41. Suppose -3*m - 2*g = -2*m + 4, 5*m - 5*g - 25 = 0. What is the remainder when k is divided by m?
0
Let i(n) = -5*n. Calculate the remainder when i(-8) is divided by 14.
12
Let u(j) = j**3 - 6*j**2 + 7*j - 2. Calculate the remainder when 21 is divided by u(5).
5
Let q = 163 + -114. What is the remainder when 145 is divided by q?
47
Let c(r) = r**2 - 14*r - 16. Calculate the remainder when c(18) is divided by 15.
11
What is the remainder when 23 is divided by -4 - -2*20/4?
5
Let u(w) = 2*w + 1. Suppose -4 + 0 = -4*i. What is the remainder when 5 is divided by u(i)?
2
Let y = 6 + -7. Let q be (-59)/y - (-1)/1. Suppose 0 = 4*x - q. Calculate the remainder when 29 is divided by x.
14
Suppose 3*c - i - 12 = 18, -4*c + 3*i = -45. Calculate the remainder when 24 is divided by c.
6
Let z be (0 + -14)/(0 + -1). Suppose 0*r - 2*r + z = 0. Calculate the remainder when 12 is divided by r.
5
Let d = 78 + -73. Calculate the remainder when 17 is divided by d.
2
Suppose -22 = -5*r - 7. Calculate the remainder when 29 is divided by 4/(-4)*-2*r.
5
Suppose 20*r = 18*r + 66. Suppose -3*j + 118 + 35 = 0. Let i = j - r. Calculate the remainder when 34 is divided by i.
16
Suppose 5*k = 2*u + 51 + 15, -u = -5*k + 68. Let q = 27 - k. What is the remainder when q is divided by 5?
3
Calculate the remainder when 112 is divided by 31 + -2 + 0 + (-4 - -4).
25
Suppose -2*d = 2*x - 30, -d + 2*x = d - 30. What is the remainder when 85 is divided by d?
10
Let s(j) = -6. Let o(u) = u - 1. Let p(z) = -2*o(z) - s(z). Let r(t) = -t**2 + t + 11. Calculate the remainder when p(-6) is divided by r(0).
9
Let n = 45 - 36. Calculate the remainder when 17 is divided by n.
8
Let r(h) =